{"id":979,"date":"2023-11-26T13:38:12","date_gmt":"2023-11-26T12:38:12","guid":{"rendered":"https:\/\/pascal-lucke.de\/?page_id=979"},"modified":"2023-11-26T14:08:51","modified_gmt":"2023-11-26T13:08:51","slug":"adventskonzert-2023","status":"publish","type":"page","link":"https:\/\/pascal-lucke.de\/?page_id=979","title":{"rendered":"Adventskonzert 2023"},"content":{"rendered":"\n<p class=\"wp-block-paragraph\"><strong>Datum:<\/strong>&nbsp;17. Dezember 2023<br><strong>Uhrzeit:<\/strong>&nbsp;16 Uhr<br><strong>Ort:<\/strong>&nbsp;Aula im Schulzentrum, Gymnasium Am Turmhof (Nyonsplatz, 53894 Mechernich)<br><strong>Ausf\u00fchrende:<\/strong>&nbsp;Dietrich-Bonhoeffer Chor und Ensemble<br><strong>Leitung:<\/strong>&nbsp;Pascal Lucke<br><strong>Eintritt:<\/strong>&nbsp;Frei, um eine Spende wird herzlich gebeten<\/p>\n\n\n\n<h4 class=\"wp-block-heading has-text-align-center\"><strong>Dietrich-Bonhoeffer-Chor verzaubert Mechernich mit stimmungsvollem Adventskonzert<\/strong><\/h4>\n\n\n\n<p class=\"wp-block-paragraph\">Der Dietrich-Bonhoeffer-Chor l\u00e4dt alle Musikliebhaber und Freunde besinnlicher und emotionaler Kl\u00e4nge zu einem einzigartigen Adventskonzert am 17. Dezember 2023 um 16 Uhr in die Aula des Schulzentrums Mechernich ein.<\/p>\n\n\n\n<figure class=\"wp-block-image alignright size-full is-resized\"><img decoding=\"async\" src=\"https:\/\/pascal-lucke.de\/wp-content\/uploads\/2023\/03\/Logo-DB-Chor.jpeg\" alt=\"\" class=\"wp-image-840\" style=\"width:250px\"\/><\/figure>\n\n\n\n<p class=\"wp-block-paragraph\">Unter der Leitung von Chorleiter Pascal Lucke verspricht der Dietrich-Bonhoeffer-Chor ein abwechslungsreiches Programm, das die Herzen der Zuh\u00f6rer im Advent h\u00f6her schlagen lassen wird. Die Aula des Schulzentrums wird sich in einen magischen Ort der vorweihnachtlichen Stimmung verwandeln.<\/p>\n\n\n\n<p class=\"wp-block-paragraph\">Die Besucher d\u00fcrfen sich auf eine musikalische Reise freuen, die von zeitlosen Klassikern bis hin zu modernen Hits reicht. Die beeindruckende Bandbreite umfasst Melodien von John Lennon, Cyndi Lauper und John Rutter. Dar\u00fcber hinaus entf\u00fchrt der Chor das Publikum in die zauberhafte Welt der Disneyfilme und Musicals mit mitrei\u00dfenden Songs, die die Herzen sowohl der kleinen als auch der gro\u00dfen Zuh\u00f6rer h\u00f6herschlagen lassen. Das choreigene Quintett rund um Pascal Lucke verzaubert dabei mit Liedern aus \u201eThe Greatest Showman\u201c, \u201eGlee\u201c und weiteren popul\u00e4ren Klassikern.\u00a0<\/p>\n\n\n\n<p class=\"wp-block-paragraph\">Der Dietrich-Bonhoeffer-Chor besteht aus engagierten S\u00e4ngerinnen und S\u00e4ngern, die mit ihrer Leidenschaft f\u00fcr Musik und Gesang das Publikum in ihren Bann ziehen.&nbsp;<\/p>\n\n\n\n<p class=\"wp-block-paragraph\">Das Adventskonzert des Dietrich-Bonhoeffer-Chores am 17. Dezember 2023 ist eine hervorragende Gelegenheit, gemeinsam mit Familie und Freunden die Vorfreude auf Weihnachten zu genie\u00dfen. Die Auff\u00fchrung beginnt um 16 Uhr in der Aula des Schulzentrums Mechernich.&nbsp;<\/p>\n\n\n\n<p class=\"wp-block-paragraph\">Der Dietrich-Bonhoeffer-Chor freut sich darauf, Mechernich in eine festliche Atmosph\u00e4re zu tauchen und l\u00e4dt herzlich dazu ein, Teil dieses musikalischen Highlights zu werden.&nbsp;<\/p>\n\n\n\n<div class=\"wp-block-file\"><a id=\"wp-block-file--media-91df74f1-d94d-4bd8-9fc4-bff367e4e1f7\" href=\"https:\/\/pascal-lucke.de\/wp-content\/uploads\/2023\/11\/DB-Chor-Adventskonzert-Plakat-2023.pdf\" target=\"_blank\" rel=\"noreferrer noopener\">Plakat Adventskonzert 2023<\/a><\/div>\n","protected":false},"excerpt":{"rendered":"<p>Datum:&nbsp;17. Dezember 2023Uhrzeit:&nbsp;16 UhrOrt:&nbsp;Aula im Schulzentrum, Gymnasium Am Turmhof (Nyonsplatz, 53894 Mechernich)Ausf\u00fchrende:&nbsp;Dietrich-Bonhoeffer Chor und EnsembleLeitung:&nbsp;Pascal LuckeEintritt:&nbsp;Frei, um eine Spende wird herzlich gebeten Dietrich-Bonhoeffer-Chor verzaubert Mechernich mit stimmungsvollem Adventskonzert Der Dietrich-Bonhoeffer-Chor l\u00e4dt alle Musikliebhaber und Freunde besinnlicher und emotionaler Kl\u00e4nge zu einem einzigartigen Adventskonzert am 17. Dezember 2023 um 16 Uhr in die Aula des Schulzentrums [&hellip;]<\/p>\n","protected":false},"author":2,"featured_media":985,"parent":0,"menu_order":0,"comment_status":"closed","ping_status":"closed","template":"","meta":{"_crdt_document":"","_uag_custom_page_level_css":"","advgb_blocks_editor_width":"","advgb_blocks_columns_visual_guide":"","site-sidebar-layout":"default","site-content-layout":"","ast-site-content-layout":"default","site-content-style":"default","site-sidebar-style":"default","ast-global-header-display":"","ast-banner-title-visibility":"","ast-main-header-display":"","ast-hfb-above-header-display":"","ast-hfb-below-header-display":"","ast-hfb-mobile-header-display":"","site-post-title":"","ast-breadcrumbs-content":"","ast-featured-img":"","footer-sml-layout":"","ast-disable-related-posts":"","theme-transparent-header-meta":"","adv-header-id-meta":"","stick-header-meta":"","header-above-stick-meta":"","header-main-stick-meta":"","header-below-stick-meta":"","astra-migrate-meta-layouts":"set","ast-page-background-enabled":"default","ast-page-background-meta":{"desktop":{"background-color":"","background-image":"","background-repeat":"repeat","background-position":"center center","background-size":"auto","background-attachment":"scroll","background-type":"","background-media":"","overlay-type":"","overlay-color":"","overlay-opacity":"","overlay-gradient":""},"tablet":{"background-color":"","background-image":"","background-repeat":"repeat","background-position":"center center","background-size":"auto","background-attachment":"scroll","background-type":"","background-media":"","overlay-type":"","overlay-color":"","overlay-opacity":"","overlay-gradient":""},"mobile":{"background-color":"","background-image":"","background-repeat":"repeat","background-position":"center center","background-size":"auto","background-attachment":"scroll","background-type":"","background-media":"","overlay-type":"","overlay-color":"","overlay-opacity":"","overlay-gradient":""}},"ast-content-background-meta":{"desktop":{"background-color":"var(--ast-global-color-5)","background-image":"","background-repeat":"repeat","background-position":"center center","background-size":"auto","background-attachment":"scroll","background-type":"","background-media":"","overlay-type":"","overlay-color":"","overlay-opacity":"","overlay-gradient":""},"tablet":{"background-color":"var(--ast-global-color-5)","background-image":"","background-repeat":"repeat","background-position":"center center","background-size":"auto","background-attachment":"scroll","background-type":"","background-media":"","overlay-type":"","overlay-color":"","overlay-opacity":"","overlay-gradient":""},"mobile":{"background-color":"var(--ast-global-color-5)","background-image":"","background-repeat":"repeat","background-position":"center center","background-size":"auto","background-attachment":"scroll","background-type":"","background-media":"","overlay-type":"","overlay-color":"","overlay-opacity":"","overlay-gradient":""}},"ngg_post_thumbnail":0,"footnotes":""},"class_list":["post-979","page","type-page","status-publish","has-post-thumbnail","hentry"],"featured_image_src":"https:\/\/pascal-lucke.de\/wp-content\/uploads\/2023\/11\/Foto-DBC-2023-600x400.jpg","featured_image_src_square":"https:\/\/pascal-lucke.de\/wp-content\/uploads\/2023\/11\/Foto-DBC-2023-600x600.jpg","uagb_featured_image_src":{"full":["https:\/\/pascal-lucke.de\/wp-content\/uploads\/2023\/11\/Foto-DBC-2023.jpg",1744,870,false],"thumbnail":["https:\/\/pascal-lucke.de\/wp-content\/uploads\/2023\/11\/Foto-DBC-2023-150x150.jpg",150,150,true],"medium":["https:\/\/pascal-lucke.de\/wp-content\/uploads\/2023\/11\/Foto-DBC-2023-300x150.jpg",300,150,true],"medium_large":["https:\/\/pascal-lucke.de\/wp-content\/uploads\/2023\/11\/Foto-DBC-2023-768x383.jpg",768,383,true],"large":["https:\/\/pascal-lucke.de\/wp-content\/uploads\/2023\/11\/Foto-DBC-2023.jpg",1744,870,false],"1536x1536":["https:\/\/pascal-lucke.de\/wp-content\/uploads\/2023\/11\/Foto-DBC-2023-1536x766.jpg",1536,766,true],"2048x2048":["https:\/\/pascal-lucke.de\/wp-content\/uploads\/2023\/11\/Foto-DBC-2023.jpg",1744,870,false],"ab-block-post-grid-landscape":["https:\/\/pascal-lucke.de\/wp-content\/uploads\/2023\/11\/Foto-DBC-2023-600x400.jpg",600,400,true],"ab-block-post-grid-square":["https:\/\/pascal-lucke.de\/wp-content\/uploads\/2023\/11\/Foto-DBC-2023-600x600.jpg",600,600,true]},"uagb_author_info":{"display_name":"PL","author_link":"https:\/\/pascal-lucke.de\/?author=2"},"uagb_comment_info":0,"uagb_excerpt":"Datum:&nbsp;17. Dezember 2023Uhrzeit:&nbsp;16 UhrOrt:&nbsp;Aula im Schulzentrum, Gymnasium Am Turmhof (Nyonsplatz, 53894 Mechernich)Ausf\u00fchrende:&nbsp;Dietrich-Bonhoeffer Chor und EnsembleLeitung:&nbsp;Pascal LuckeEintritt:&nbsp;Frei, um eine Spende wird herzlich gebeten Dietrich-Bonhoeffer-Chor verzaubert Mechernich mit stimmungsvollem Adventskonzert Der Dietrich-Bonhoeffer-Chor l\u00e4dt alle Musikliebhaber und Freunde besinnlicher und emotionaler Kl\u00e4nge zu einem einzigartigen Adventskonzert am 17. Dezember 2023 um 16 Uhr in die Aula des Schulzentrums&hellip;","coauthors":[],"author_meta":{"author_link":"https:\/\/pascal-lucke.de\/?author=2","display_name":"PL"},"relative_dates":{"created":"Ver\u00f6ffentlicht 2\u00a0Jahren vor","modified":"Aktualisiert 2\u00a0Jahren vor"},"absolute_dates":{"created":"Ver\u00f6ffentlicht am November 26, 2023","modified":"Aktualisiert am November 26, 2023"},"absolute_dates_time":{"created":"Ver\u00f6ffentlicht am November 26, 2023 1:38 p.m.","modified":"Aktualisiert am November 26, 2023 2:08 p.m."},"featured_img_caption":"Sommerkonzert 2023","featured_img":"https:\/\/pascal-lucke.de\/wp-content\/uploads\/2023\/11\/Foto-DBC-2023.jpg","series_order":"","_links":{"self":[{"href":"https:\/\/pascal-lucke.de\/index.php?rest_route=\/wp\/v2\/pages\/979","targetHints":{"allow":["GET"]}}],"collection":[{"href":"https:\/\/pascal-lucke.de\/index.php?rest_route=\/wp\/v2\/pages"}],"about":[{"href":"https:\/\/pascal-lucke.de\/index.php?rest_route=\/wp\/v2\/types\/page"}],"author":[{"embeddable":true,"href":"https:\/\/pascal-lucke.de\/index.php?rest_route=\/wp\/v2\/users\/2"}],"replies":[{"embeddable":true,"href":"https:\/\/pascal-lucke.de\/index.php?rest_route=%2Fwp%2Fv2%2Fcomments&post=979"}],"version-history":[{"count":5,"href":"https:\/\/pascal-lucke.de\/index.php?rest_route=\/wp\/v2\/pages\/979\/revisions"}],"predecessor-version":[{"id":1014,"href":"https:\/\/pascal-lucke.de\/index.php?rest_route=\/wp\/v2\/pages\/979\/revisions\/1014"}],"wp:featuredmedia":[{"embeddable":true,"href":"https:\/\/pascal-lucke.de\/index.php?rest_route=\/wp\/v2\/media\/985"}],"wp:attachment":[{"href":"https:\/\/pascal-lucke.de\/index.php?rest_route=%2Fwp%2Fv2%2Fmedia&parent=979"}],"curies":[{"name":"wp","href":"https:\/\/api.w.org\/{rel}","templated":true}]}}

<p class="wp-block-paragraph"><strong>Datum:</strong>&nbsp;17. Dezember 2023<br><strong>Uhrzeit:</strong>&nbsp;16 Uhr<br><strong>Ort:</strong>&nbsp;Aula im Schulzentrum, Gymnasium Am Turmhof (Nyonsplatz, 53894 Mechernich)<br><strong>Ausführende:</strong>&nbsp;Dietrich-Bonhoeffer Chor und Ensemble<br><strong>Leitung:</strong>&nbsp;Pascal Lucke<br><strong>Eintritt:</strong>&nbsp;Frei, um eine Spende wird herzlich gebeten</p>



<h4 class="wp-block-heading has-text-align-center"><strong>Dietrich-Bonhoeffer-Chor verzaubert Mechernich mit stimmungsvollem Adventskonzert</strong></h4>



<p class="wp-block-paragraph">Der Dietrich-Bonhoeffer-Chor lädt alle Musikliebhaber und Freunde besinnlicher und emotionaler Klänge zu einem einzigartigen Adventskonzert am 17. Dezember 2023 um 16 Uhr in die Aula des Schulzentrums Mechernich ein.</p>



<figure class="wp-block-image alignright size-full is-resized"><img decoding="async" src="https://pascal-lucke.de/wp-content/uploads/2023/03/Logo-DB-Chor.jpeg" alt="" class="wp-image-840" style="width:250px"/></figure>



<p class="wp-block-paragraph">Unter der Leitung von Chorleiter Pascal Lucke verspricht der Dietrich-Bonhoeffer-Chor ein abwechslungsreiches Programm, das die Herzen der Zuhörer im Advent höher schlagen lassen wird. Die Aula des Schulzentrums wird sich in einen magischen Ort der vorweihnachtlichen Stimmung verwandeln.</p>



<p class="wp-block-paragraph">Die Besucher dürfen sich auf eine musikalische Reise freuen, die von zeitlosen Klassikern bis hin zu modernen Hits reicht. Die beeindruckende Bandbreite umfasst Melodien von John Lennon, Cyndi Lauper und John Rutter. Darüber hinaus entführt der Chor das Publikum in die zauberhafte Welt der Disneyfilme und Musicals mit mitreißenden Songs, die die Herzen sowohl der kleinen als auch der großen Zuhörer höherschlagen lassen. Das choreigene Quintett rund um Pascal Lucke verzaubert dabei mit Liedern aus „The Greatest Showman“, „Glee“ und weiteren populären Klassikern. </p>



<p class="wp-block-paragraph">Der Dietrich-Bonhoeffer-Chor besteht aus engagierten Sängerinnen und Sängern, die mit ihrer Leidenschaft für Musik und Gesang das Publikum in ihren Bann ziehen.&nbsp;</p>



<p class="wp-block-paragraph">Das Adventskonzert des Dietrich-Bonhoeffer-Chores am 17. Dezember 2023 ist eine hervorragende Gelegenheit, gemeinsam mit Familie und Freunden die Vorfreude auf Weihnachten zu genießen. Die Aufführung beginnt um 16 Uhr in der Aula des Schulzentrums Mechernich.&nbsp;</p>



<p class="wp-block-paragraph">Der Dietrich-Bonhoeffer-Chor freut sich darauf, Mechernich in eine festliche Atmosphäre zu tauchen und lädt herzlich dazu ein, Teil dieses musikalischen Highlights zu werden.&nbsp;</p>



<div class="wp-block-file"><a id="wp-block-file--media-91df74f1-d94d-4bd8-9fc4-bff367e4e1f7" href="https://pascal-lucke.de/wp-content/uploads/2023/11/DB-Chor-Adventskonzert-Plakat-2023.pdf" target="_blank" rel="noreferrer noopener">Plakat Adventskonzert 2023</a></div>

<p>Datum:&nbsp;17. Dezember 2023Uhrzeit:&nbsp;16 UhrOrt:&nbsp;Aula im Schulzentrum, Gymnasium Am Turmhof (Nyonsplatz, 53894 Mechernich)Ausführende:&nbsp;Dietrich-Bonhoeffer Chor und EnsembleLeitung:&nbsp;Pascal LuckeEintritt:&nbsp;Frei, um eine Spende wird herzlich gebeten Dietrich-Bonhoeffer-Chor verzaubert Mechernich mit stimmungsvollem Adventskonzert Der Dietrich-Bonhoeffer-Chor lädt alle Musikliebhaber und Freunde besinnlicher und emotionaler Klänge zu einem einzigartigen Adventskonzert am 17. Dezember 2023 um 16 Uhr in die Aula des Schulzentrums [&hellip;]</p>

Datum:&nbsp;17. Dezember 2023Uhrzeit:&nbsp;16 UhrOrt:&nbsp;Aula im Schulzentrum, Gymnasium Am Turmhof (Nyonsplatz, 53894 Mechernich)Ausführende:&nbsp;Dietrich-Bonhoeffer Chor und EnsembleLeitung:&nbsp;Pascal LuckeEintritt:&nbsp;Frei, um eine Spende wird herzlich gebeten Dietrich-Bonhoeffer-Chor verzaubert Mechernich mit stimmungsvollem Adventskonzert Der Dietrich-Bonhoeffer-Chor lädt alle Musikliebhaber und Freunde besinnlicher und emotionaler Klänge zu einem einzigartigen Adventskonzert am 17. Dezember 2023 um 16 Uhr in die Aula des Schulzentrums&hellip;

Veröffentlicht 2 Jahren vor

Veröffentlicht am November 26, 2023

Veröffentlicht am November 26, 2023 1:38 p.m.
