{"id":964,"date":"2023-10-19T09:57:42","date_gmt":"2023-10-19T07:57:42","guid":{"rendered":"https:\/\/pascal-lucke.de\/?page_id=964"},"modified":"2023-12-05T14:06:48","modified_gmt":"2023-12-05T13:06:48","slug":"konzert-zum-jahreswechsel","status":"publish","type":"page","link":"https:\/\/pascal-lucke.de\/?page_id=964","title":{"rendered":"Konzert zum Jahreswechsel"},"content":{"rendered":"\n<p class=\"wp-block-paragraph\">Konzert zum Jahreswechsel des Musikvereins Concordia Dreiborn und dem Pop-Chor &#8222;We AHR the VOICES&#8220; aus Blankenheim am Samstag, dem 30. Dezember 2023 um 17:00 Uhr im Kursaal Gem\u00fcnd.<\/p>\n\n\n\n<p class=\"wp-block-paragraph\">Ihre wichtigsten Konzerttermine zum Jahresausklang sind bei den Musikerinnen und Musikern des Musikvereins Concordia Dreiborn in diesem Jahr schon l\u00e4nger in Planung. Seit einigen Wochen schon proben sie unter der Leitung ihres bew\u00e4hrten Dirigenten Franz-Josef Strick aus Schwerfen f\u00fcr die Konzerte. Im Repertoire der Konzerte ist f\u00fcr jeden Musikgeschmack etwas dabei. Von Klassik bis in die Moderne, vom Bigband-Sound bis zu Ernst-Mosch-Kl\u00e4ngen, auch \u201eK\u00f6lsche T\u00f6ne\u201c sind im Gep\u00e4ck. \u201eWenn wir die Zuschauer ber\u00fchren wollen, m\u00fcssen wir spielen, was die Leute gerne h\u00f6ren\u201c, erkl\u00e4rt Strick seinen Erfolg. Dieses Ziel hat Strick in den vergangenen Jahren immer erreicht, wie die Stammbesucher der Konzerte berichten.<\/p>\n\n\n\n<figure class=\"wp-block-image aligncenter size-full is-resized\"><img loading=\"lazy\" decoding=\"async\" width=\"1500\" height=\"715\" src=\"https:\/\/pascal-lucke.de\/wp-content\/uploads\/2023\/10\/img-8095-foto-fuer-presse.jpg\" alt=\"\" class=\"wp-image-967\" style=\"width:600px\" srcset=\"https:\/\/pascal-lucke.de\/wp-content\/uploads\/2023\/10\/img-8095-foto-fuer-presse.jpg 1500w, https:\/\/pascal-lucke.de\/wp-content\/uploads\/2023\/10\/img-8095-foto-fuer-presse-300x143.jpg 300w, https:\/\/pascal-lucke.de\/wp-content\/uploads\/2023\/10\/img-8095-foto-fuer-presse-768x366.jpg 768w\" sizes=\"auto, (max-width: 1500px) 100vw, 1500px\" \/><figcaption class=\"wp-element-caption\">Concordia Dreiborn <\/figcaption><\/figure>\n\n\n\n<p class=\"wp-block-paragraph\">Mit dem Konzert zum Jahreswechsel am\u00a0<strong>Samstag, 30. Dezember 2023 um 17:00 Uhr im Kurhaus in Gem\u00fcnd<\/strong>\u00a0setzt sich die musikalische Reise fort. Den Gesangsteil dieses Konzerts wird der in diesem Jahr neu formierte Pop-Chor &#8222;We AHR the VOICES&#8220; aus Blankenheim unter der Leitung von Pascal Lucke bestreiten.\u00a0Das Altersspektrum der 56 S\u00e4ngerinnen und S\u00e4nger von 20 bis 60plus ist genauso facettenreich wie das Programm. Von\u00a0<em>Sportfreunde Stiller<\/em>\u00a0\u201e<em>Applaus Applaus\u201c<\/em>\u00a0bis\u00a0<em>Harold Arlen<\/em>\u00a0<em>\u201eSomewhere over the rainbow\u201c<\/em>\u00a0sind sie verbunden durch die Leidenschaft und Freude an der klangvollen Musik.\u00a0Schon jetzt zeigt &#8222;We AHR the VOICES\u201c nicht nur bei \u00f6rtlichen Veranstaltungen, Festen oder sozialen Projekten, wie die Kraft der Musik Menschen zusammenbringen und inspirieren kann.<\/p>\n\n\n\n<figure class=\"wp-block-image aligncenter size-full is-resized\"><img loading=\"lazy\" decoding=\"async\" width=\"2560\" height=\"1762\" src=\"https:\/\/pascal-lucke.de\/wp-content\/uploads\/2023\/10\/voices_red-1-scaled.jpg\" alt=\"\" class=\"wp-image-966\" style=\"width:500px\" srcset=\"https:\/\/pascal-lucke.de\/wp-content\/uploads\/2023\/10\/voices_red-1-scaled.jpg 2560w, https:\/\/pascal-lucke.de\/wp-content\/uploads\/2023\/10\/voices_red-1-300x207.jpg 300w, https:\/\/pascal-lucke.de\/wp-content\/uploads\/2023\/10\/voices_red-1-768x529.jpg 768w, https:\/\/pascal-lucke.de\/wp-content\/uploads\/2023\/10\/voices_red-1-1536x1057.jpg 1536w, https:\/\/pascal-lucke.de\/wp-content\/uploads\/2023\/10\/voices_red-1-2048x1410.jpg 2048w\" sizes=\"auto, (max-width: 2560px) 100vw, 2560px\" \/><figcaption class=\"wp-element-caption\">Pop-Chor &#8222;AHR VOICES&#8220; aus Blankenheim<\/figcaption><\/figure>\n\n\n\n<p class=\"wp-block-paragraph\">Der Vorverkauf f\u00fcr das Konzert zum Jahreswechsel beginnt am 1. Dezember 2023. Karten sind erh\u00e4ltlich bei der Tourist-Info im Nationalpark-Tor in Gem\u00fcnd, Telefon 02444 2011 Preise: Erwachsene 10,00 EUR \/ mit G\u00e4stekarte 9,00 EUR \/ Jugendliche 6,00 EUR) oder an der Abendkasse.<\/p>\n\n\n\n<p class=\"wp-block-paragraph\">Weitere Informationen: <a href=\"https:\/\/www.schleiden.de\/rathaus\/tipps-und-termine\/2023\/30-12-konzert-zum-jahreswechsel\/#accordion-1-0\" data-type=\"link\" data-id=\"https:\/\/www.schleiden.de\/rathaus\/tipps-und-termine\/2023\/30-12-konzert-zum-jahreswechsel\/#accordion-1-0\">schleiden.de<\/a><\/p>\n","protected":false},"excerpt":{"rendered":"<p>Konzert zum Jahreswechsel des Musikvereins Concordia Dreiborn und dem Pop-Chor &#8222;We AHR the VOICES&#8220; aus Blankenheim am Samstag, dem 30. Dezember 2023 um 17:00 Uhr im Kursaal Gem\u00fcnd. Ihre wichtigsten Konzerttermine zum Jahresausklang sind bei den Musikerinnen und Musikern des Musikvereins Concordia Dreiborn in diesem Jahr schon l\u00e4nger in Planung. Seit einigen Wochen schon proben [&hellip;]<\/p>\n","protected":false},"author":2,"featured_media":0,"parent":0,"menu_order":0,"comment_status":"closed","ping_status":"closed","template":"","meta":{"_crdt_document":"","_uag_custom_page_level_css":"","advgb_blocks_editor_width":"","advgb_blocks_columns_visual_guide":"","site-sidebar-layout":"default","site-content-layout":"","ast-site-content-layout":"default","site-content-style":"default","site-sidebar-style":"default","ast-global-header-display":"","ast-banner-title-visibility":"","ast-main-header-display":"","ast-hfb-above-header-display":"","ast-hfb-below-header-display":"","ast-hfb-mobile-header-display":"","site-post-title":"","ast-breadcrumbs-content":"","ast-featured-img":"disabled","footer-sml-layout":"","ast-disable-related-posts":"","theme-transparent-header-meta":"","adv-header-id-meta":"","stick-header-meta":"","header-above-stick-meta":"","header-main-stick-meta":"","header-below-stick-meta":"","astra-migrate-meta-layouts":"set","ast-page-background-enabled":"default","ast-page-background-meta":{"desktop":{"background-color":"","background-image":"","background-repeat":"repeat","background-position":"center center","background-size":"auto","background-attachment":"scroll","background-type":"","background-media":"","overlay-type":"","overlay-color":"","overlay-opacity":"","overlay-gradient":""},"tablet":{"background-color":"","background-image":"","background-repeat":"repeat","background-position":"center center","background-size":"auto","background-attachment":"scroll","background-type":"","background-media":"","overlay-type":"","overlay-color":"","overlay-opacity":"","overlay-gradient":""},"mobile":{"background-color":"","background-image":"","background-repeat":"repeat","background-position":"center center","background-size":"auto","background-attachment":"scroll","background-type":"","background-media":"","overlay-type":"","overlay-color":"","overlay-opacity":"","overlay-gradient":""}},"ast-content-background-meta":{"desktop":{"background-color":"var(--ast-global-color-5)","background-image":"","background-repeat":"repeat","background-position":"center center","background-size":"auto","background-attachment":"scroll","background-type":"","background-media":"","overlay-type":"","overlay-color":"","overlay-opacity":"","overlay-gradient":""},"tablet":{"background-color":"var(--ast-global-color-5)","background-image":"","background-repeat":"repeat","background-position":"center center","background-size":"auto","background-attachment":"scroll","background-type":"","background-media":"","overlay-type":"","overlay-color":"","overlay-opacity":"","overlay-gradient":""},"mobile":{"background-color":"var(--ast-global-color-5)","background-image":"","background-repeat":"repeat","background-position":"center center","background-size":"auto","background-attachment":"scroll","background-type":"","background-media":"","overlay-type":"","overlay-color":"","overlay-opacity":"","overlay-gradient":""}},"ngg_post_thumbnail":0,"footnotes":""},"class_list":["post-964","page","type-page","status-publish","hentry"],"featured_image_src":null,"featured_image_src_square":null,"uagb_featured_image_src":{"full":false,"thumbnail":false,"medium":false,"medium_large":false,"large":false,"1536x1536":false,"2048x2048":false,"ab-block-post-grid-landscape":false,"ab-block-post-grid-square":false},"uagb_author_info":{"display_name":"PL","author_link":"https:\/\/pascal-lucke.de\/?author=2"},"uagb_comment_info":0,"uagb_excerpt":"Konzert zum Jahreswechsel des Musikvereins Concordia Dreiborn und dem Pop-Chor &#8222;We AHR the VOICES&#8220; aus Blankenheim am Samstag, dem 30. Dezember 2023 um 17:00 Uhr im Kursaal Gem\u00fcnd. Ihre wichtigsten Konzerttermine zum Jahresausklang sind bei den Musikerinnen und Musikern des Musikvereins Concordia Dreiborn in diesem Jahr schon l\u00e4nger in Planung. Seit einigen Wochen schon proben&hellip;","coauthors":[],"author_meta":{"author_link":"https:\/\/pascal-lucke.de\/?author=2","display_name":"PL"},"relative_dates":{"created":"Ver\u00f6ffentlicht 3\u00a0Jahren vor","modified":"Aktualisiert 2\u00a0Jahren vor"},"absolute_dates":{"created":"Ver\u00f6ffentlicht am Oktober 19, 2023","modified":"Aktualisiert am Dezember 5, 2023"},"absolute_dates_time":{"created":"Ver\u00f6ffentlicht am Oktober 19, 2023 9:57 a.m.","modified":"Aktualisiert am Dezember 5, 2023 2:06 p.m."},"featured_img_caption":"","featured_img":false,"series_order":"","_links":{"self":[{"href":"https:\/\/pascal-lucke.de\/index.php?rest_route=\/wp\/v2\/pages\/964","targetHints":{"allow":["GET"]}}],"collection":[{"href":"https:\/\/pascal-lucke.de\/index.php?rest_route=\/wp\/v2\/pages"}],"about":[{"href":"https:\/\/pascal-lucke.de\/index.php?rest_route=\/wp\/v2\/types\/page"}],"author":[{"embeddable":true,"href":"https:\/\/pascal-lucke.de\/index.php?rest_route=\/wp\/v2\/users\/2"}],"replies":[{"embeddable":true,"href":"https:\/\/pascal-lucke.de\/index.php?rest_route=%2Fwp%2Fv2%2Fcomments&post=964"}],"version-history":[{"count":3,"href":"https:\/\/pascal-lucke.de\/index.php?rest_route=\/wp\/v2\/pages\/964\/revisions"}],"predecessor-version":[{"id":999,"href":"https:\/\/pascal-lucke.de\/index.php?rest_route=\/wp\/v2\/pages\/964\/revisions\/999"}],"wp:attachment":[{"href":"https:\/\/pascal-lucke.de\/index.php?rest_route=%2Fwp%2Fv2%2Fmedia&parent=964"}],"curies":[{"name":"wp","href":"https:\/\/api.w.org\/{rel}","templated":true}]}}

<p class="wp-block-paragraph">Konzert zum Jahreswechsel des Musikvereins Concordia Dreiborn und dem Pop-Chor &#8222;We AHR the VOICES&#8220; aus Blankenheim am Samstag, dem 30. Dezember 2023 um 17:00 Uhr im Kursaal Gemünd.</p>



<p class="wp-block-paragraph">Ihre wichtigsten Konzerttermine zum Jahresausklang sind bei den Musikerinnen und Musikern des Musikvereins Concordia Dreiborn in diesem Jahr schon länger in Planung. Seit einigen Wochen schon proben sie unter der Leitung ihres bewährten Dirigenten Franz-Josef Strick aus Schwerfen für die Konzerte. Im Repertoire der Konzerte ist für jeden Musikgeschmack etwas dabei. Von Klassik bis in die Moderne, vom Bigband-Sound bis zu Ernst-Mosch-Klängen, auch „Kölsche Töne“ sind im Gepäck. „Wenn wir die Zuschauer berühren wollen, müssen wir spielen, was die Leute gerne hören“, erklärt Strick seinen Erfolg. Dieses Ziel hat Strick in den vergangenen Jahren immer erreicht, wie die Stammbesucher der Konzerte berichten.</p>



<figure class="wp-block-image aligncenter size-full is-resized"><img loading="lazy" decoding="async" width="1500" height="715" src="https://pascal-lucke.de/wp-content/uploads/2023/10/img-8095-foto-fuer-presse.jpg" alt="" class="wp-image-967" style="width:600px" srcset="https://pascal-lucke.de/wp-content/uploads/2023/10/img-8095-foto-fuer-presse.jpg 1500w, https://pascal-lucke.de/wp-content/uploads/2023/10/img-8095-foto-fuer-presse-300x143.jpg 300w, https://pascal-lucke.de/wp-content/uploads/2023/10/img-8095-foto-fuer-presse-768x366.jpg 768w" sizes="auto, (max-width: 1500px) 100vw, 1500px" /><figcaption class="wp-element-caption">Concordia Dreiborn </figcaption></figure>



<p class="wp-block-paragraph">Mit dem Konzert zum Jahreswechsel am <strong>Samstag, 30. Dezember 2023 um 17:00 Uhr im Kurhaus in Gemünd</strong> setzt sich die musikalische Reise fort. Den Gesangsteil dieses Konzerts wird der in diesem Jahr neu formierte Pop-Chor &#8222;We AHR the VOICES&#8220; aus Blankenheim unter der Leitung von Pascal Lucke bestreiten. Das Altersspektrum der 56 Sängerinnen und Sänger von 20 bis 60plus ist genauso facettenreich wie das Programm. Von <em>Sportfreunde Stiller</em> „<em>Applaus Applaus“</em> bis <em>Harold Arlen</em> <em>„Somewhere over the rainbow“</em> sind sie verbunden durch die Leidenschaft und Freude an der klangvollen Musik. Schon jetzt zeigt &#8222;We AHR the VOICES“ nicht nur bei örtlichen Veranstaltungen, Festen oder sozialen Projekten, wie die Kraft der Musik Menschen zusammenbringen und inspirieren kann.</p>



<figure class="wp-block-image aligncenter size-full is-resized"><img loading="lazy" decoding="async" width="2560" height="1762" src="https://pascal-lucke.de/wp-content/uploads/2023/10/voices_red-1-scaled.jpg" alt="" class="wp-image-966" style="width:500px" srcset="https://pascal-lucke.de/wp-content/uploads/2023/10/voices_red-1-scaled.jpg 2560w, https://pascal-lucke.de/wp-content/uploads/2023/10/voices_red-1-300x207.jpg 300w, https://pascal-lucke.de/wp-content/uploads/2023/10/voices_red-1-768x529.jpg 768w, https://pascal-lucke.de/wp-content/uploads/2023/10/voices_red-1-1536x1057.jpg 1536w, https://pascal-lucke.de/wp-content/uploads/2023/10/voices_red-1-2048x1410.jpg 2048w" sizes="auto, (max-width: 2560px) 100vw, 2560px" /><figcaption class="wp-element-caption">Pop-Chor &#8222;AHR VOICES&#8220; aus Blankenheim</figcaption></figure>



<p class="wp-block-paragraph">Der Vorverkauf für das Konzert zum Jahreswechsel beginnt am 1. Dezember 2023. Karten sind erhältlich bei der Tourist-Info im Nationalpark-Tor in Gemünd, Telefon 02444 2011 Preise: Erwachsene 10,00 EUR / mit Gästekarte 9,00 EUR / Jugendliche 6,00 EUR) oder an der Abendkasse.</p>



<p class="wp-block-paragraph">Weitere Informationen: <a href="https://www.schleiden.de/rathaus/tipps-und-termine/2023/30-12-konzert-zum-jahreswechsel/#accordion-1-0" data-type="link" data-id="https://www.schleiden.de/rathaus/tipps-und-termine/2023/30-12-konzert-zum-jahreswechsel/#accordion-1-0">schleiden.de</a></p>

<p>Konzert zum Jahreswechsel des Musikvereins Concordia Dreiborn und dem Pop-Chor &#8222;We AHR the VOICES&#8220; aus Blankenheim am Samstag, dem 30. Dezember 2023 um 17:00 Uhr im Kursaal Gemünd. Ihre wichtigsten Konzerttermine zum Jahresausklang sind bei den Musikerinnen und Musikern des Musikvereins Concordia Dreiborn in diesem Jahr schon länger in Planung. Seit einigen Wochen schon proben [&hellip;]</p>

Konzert zum Jahreswechsel des Musikvereins Concordia Dreiborn und dem Pop-Chor &#8222;We AHR the VOICES&#8220; aus Blankenheim am Samstag, dem 30. Dezember 2023 um 17:00 Uhr im Kursaal Gemünd. Ihre wichtigsten Konzerttermine zum Jahresausklang sind bei den Musikerinnen und Musikern des Musikvereins Concordia Dreiborn in diesem Jahr schon länger in Planung. Seit einigen Wochen schon proben&hellip;

Veröffentlicht 3 Jahren vor

Veröffentlicht am Oktober 19, 2023

Veröffentlicht am Oktober 19, 2023 9:57 a.m.
