{"id":819,"date":"2023-03-19T18:20:51","date_gmt":"2023-03-19T17:20:51","guid":{"rendered":"https:\/\/pascal-lucke.de\/?page_id=819"},"modified":"2023-03-22T13:59:01","modified_gmt":"2023-03-22T12:59:01","slug":"oesterliches-fuehlingskonzert","status":"publish","type":"page","link":"https:\/\/pascal-lucke.de\/?page_id=819","title":{"rendered":"\u00d6sterliches Fr\u00fchlingskonzert"},"content":{"rendered":"\n<figure class=\"wp-block-image alignright size-medium is-resized\"><img decoding=\"async\" src=\"https:\/\/pascal-lucke.de\/wp-content\/uploads\/2023\/03\/Logo-DB-Chor-300x300.jpeg\" alt=\"\" class=\"wp-image-840\" width=\"200\"\/><\/figure>\n\n\n\n<p class=\"wp-block-paragraph\"><strong>Datum:<\/strong> 10. April 2023<br><strong>Uhrzeit:<\/strong> 16 Uhr<br><strong>Ort:<\/strong> Aula im Schulzentrum, Gymnasium Am Turmhof (Nyonsplatz, 53894 Mechernich)<br><strong>Ausf\u00fchrende:<\/strong> Dietrich-Bonhoeffer Chor und Ensemble<br><strong>Leitung:<\/strong> Pascal Lucke<br><strong>Eintritt:<\/strong> Frei, um eine Spende wird herzlich gebeten<\/p>\n\n\n\n<p class=\"wp-block-paragraph\">Am<strong> Ostermontag, dem 10. April, um 16 Uhr<\/strong>&nbsp;entf\u00fchrt der Dietrich-Bonhoeffer-Chor mit Orchester unter der Leitung von Pascal Lucke in die Welt der Filmmusik und erhebender Ges\u00e4nge und schafft dabei eine einzigartige Verbindung von klassischer und modern-cineastischer Musik.&nbsp;<\/p>\n\n\n\n<p class=\"wp-block-paragraph\">Neben der emotionalen Musik ist besonders die Darbietung des Orchesters und die visuelle Unterst\u00fctzung ein H\u00f6hepunkt, der die Zuh\u00f6rer begeistern wird.&nbsp;<\/p>\n\n\n\n<p class=\"wp-block-paragraph\">Pr\u00e4sentiert werden Werke von John Rutter, Hans Zimmer, H\u00e4ndel und vielen mehr. Ein Erlebnis, welches Sie sich nicht entgehen lassen sollten! Der Eintritt ist frei, um Spenden wird herzlich gebeten. <\/p>\n\n\n\n<p class=\"wp-block-paragraph\">Foto: \u00a9 Dr. Michael St\u00f6hr<\/p>\n\n\n\n<div class=\"wp-block-file\"><a id=\"wp-block-file--media-a9f0d30f-d0e5-4092-9070-0e26fd0afee9\" href=\"https:\/\/pascal-lucke.de\/wp-content\/uploads\/2023\/03\/Plakat-Oesterliches-Fruehlingskonzert-2023-DB-Chor.pdf\" target=\"_blank\" rel=\"noreferrer noopener\">Plakat \u00d6sterliches Fr\u00fchlingskonzert 2023 DB-Chor<\/a><\/div>\n","protected":false},"excerpt":{"rendered":"<p>Datum: 10. April 2023Uhrzeit: 16 UhrOrt: Aula im Schulzentrum, Gymnasium Am Turmhof (Nyonsplatz, 53894 Mechernich)Ausf\u00fchrende: Dietrich-Bonhoeffer Chor und EnsembleLeitung: Pascal LuckeEintritt: Frei, um eine Spende wird herzlich gebeten Am Ostermontag, dem 10. April, um 16 Uhr&nbsp;entf\u00fchrt der Dietrich-Bonhoeffer-Chor mit Orchester unter der Leitung von Pascal Lucke in die Welt der Filmmusik und erhebender Ges\u00e4nge und [&hellip;]<\/p>\n","protected":false},"author":2,"featured_media":805,"parent":0,"menu_order":0,"comment_status":"closed","ping_status":"closed","template":"","meta":{"_crdt_document":"","_uag_custom_page_level_css":"","advgb_blocks_editor_width":"","advgb_blocks_columns_visual_guide":"","site-sidebar-layout":"default","site-content-layout":"","ast-site-content-layout":"default","site-content-style":"default","site-sidebar-style":"default","ast-global-header-display":"","ast-banner-title-visibility":"","ast-main-header-display":"","ast-hfb-above-header-display":"","ast-hfb-below-header-display":"","ast-hfb-mobile-header-display":"","site-post-title":"","ast-breadcrumbs-content":"","ast-featured-img":"","footer-sml-layout":"","ast-disable-related-posts":"","theme-transparent-header-meta":"","adv-header-id-meta":"","stick-header-meta":"","header-above-stick-meta":"","header-main-stick-meta":"","header-below-stick-meta":"","astra-migrate-meta-layouts":"default","ast-page-background-enabled":"default","ast-page-background-meta":{"desktop":{"background-color":"","background-image":"","background-repeat":"repeat","background-position":"center center","background-size":"auto","background-attachment":"scroll","background-type":"","background-media":"","overlay-type":"","overlay-color":"","overlay-opacity":"","overlay-gradient":""},"tablet":{"background-color":"","background-image":"","background-repeat":"repeat","background-position":"center center","background-size":"auto","background-attachment":"scroll","background-type":"","background-media":"","overlay-type":"","overlay-color":"","overlay-opacity":"","overlay-gradient":""},"mobile":{"background-color":"","background-image":"","background-repeat":"repeat","background-position":"center center","background-size":"auto","background-attachment":"scroll","background-type":"","background-media":"","overlay-type":"","overlay-color":"","overlay-opacity":"","overlay-gradient":""}},"ast-content-background-meta":{"desktop":{"background-color":"var(--ast-global-color-5)","background-image":"","background-repeat":"repeat","background-position":"center center","background-size":"auto","background-attachment":"scroll","background-type":"","background-media":"","overlay-type":"","overlay-color":"","overlay-opacity":"","overlay-gradient":""},"tablet":{"background-color":"var(--ast-global-color-5)","background-image":"","background-repeat":"repeat","background-position":"center center","background-size":"auto","background-attachment":"scroll","background-type":"","background-media":"","overlay-type":"","overlay-color":"","overlay-opacity":"","overlay-gradient":""},"mobile":{"background-color":"var(--ast-global-color-5)","background-image":"","background-repeat":"repeat","background-position":"center center","background-size":"auto","background-attachment":"scroll","background-type":"","background-media":"","overlay-type":"","overlay-color":"","overlay-opacity":"","overlay-gradient":""}},"ngg_post_thumbnail":0,"footnotes":""},"class_list":["post-819","page","type-page","status-publish","has-post-thumbnail","hentry"],"featured_image_src":"https:\/\/pascal-lucke.de\/wp-content\/uploads\/2022\/09\/f5e58523-897d-4004-8f52-f01abd8b5f1f-600x400.jpg","featured_image_src_square":"https:\/\/pascal-lucke.de\/wp-content\/uploads\/2022\/09\/f5e58523-897d-4004-8f52-f01abd8b5f1f-600x600.jpg","uagb_featured_image_src":{"full":["https:\/\/pascal-lucke.de\/wp-content\/uploads\/2022\/09\/f5e58523-897d-4004-8f52-f01abd8b5f1f.jpg",1600,775,false],"thumbnail":["https:\/\/pascal-lucke.de\/wp-content\/uploads\/2022\/09\/f5e58523-897d-4004-8f52-f01abd8b5f1f-150x150.jpg",150,150,true],"medium":["https:\/\/pascal-lucke.de\/wp-content\/uploads\/2022\/09\/f5e58523-897d-4004-8f52-f01abd8b5f1f-300x145.jpg",300,145,true],"medium_large":["https:\/\/pascal-lucke.de\/wp-content\/uploads\/2022\/09\/f5e58523-897d-4004-8f52-f01abd8b5f1f-768x372.jpg",768,372,true],"large":["https:\/\/pascal-lucke.de\/wp-content\/uploads\/2022\/09\/f5e58523-897d-4004-8f52-f01abd8b5f1f.jpg",1600,775,false],"1536x1536":["https:\/\/pascal-lucke.de\/wp-content\/uploads\/2022\/09\/f5e58523-897d-4004-8f52-f01abd8b5f1f-1536x744.jpg",1536,744,true],"2048x2048":["https:\/\/pascal-lucke.de\/wp-content\/uploads\/2022\/09\/f5e58523-897d-4004-8f52-f01abd8b5f1f.jpg",1600,775,false],"ab-block-post-grid-landscape":["https:\/\/pascal-lucke.de\/wp-content\/uploads\/2022\/09\/f5e58523-897d-4004-8f52-f01abd8b5f1f-600x400.jpg",600,400,true],"ab-block-post-grid-square":["https:\/\/pascal-lucke.de\/wp-content\/uploads\/2022\/09\/f5e58523-897d-4004-8f52-f01abd8b5f1f-600x600.jpg",600,600,true]},"uagb_author_info":{"display_name":"PL","author_link":"https:\/\/pascal-lucke.de\/?author=2"},"uagb_comment_info":0,"uagb_excerpt":"Datum: 10. April 2023Uhrzeit: 16 UhrOrt: Aula im Schulzentrum, Gymnasium Am Turmhof (Nyonsplatz, 53894 Mechernich)Ausf\u00fchrende: Dietrich-Bonhoeffer Chor und EnsembleLeitung: Pascal LuckeEintritt: Frei, um eine Spende wird herzlich gebeten Am Ostermontag, dem 10. April, um 16 Uhr&nbsp;entf\u00fchrt der Dietrich-Bonhoeffer-Chor mit Orchester unter der Leitung von Pascal Lucke in die Welt der Filmmusik und erhebender Ges\u00e4nge und&hellip;","coauthors":[],"author_meta":{"author_link":"https:\/\/pascal-lucke.de\/?author=2","display_name":"PL"},"relative_dates":{"created":"Ver\u00f6ffentlicht 3\u00a0Jahren vor","modified":"Aktualisiert 3\u00a0Jahren vor"},"absolute_dates":{"created":"Ver\u00f6ffentlicht am M\u00e4rz 19, 2023","modified":"Aktualisiert am M\u00e4rz 22, 2023"},"absolute_dates_time":{"created":"Ver\u00f6ffentlicht am M\u00e4rz 19, 2023 6:20 p.m.","modified":"Aktualisiert am M\u00e4rz 22, 2023 1:59 p.m."},"featured_img_caption":"Sommerkonzert 2022","featured_img":"https:\/\/pascal-lucke.de\/wp-content\/uploads\/2022\/09\/f5e58523-897d-4004-8f52-f01abd8b5f1f.jpg","series_order":"","_links":{"self":[{"href":"https:\/\/pascal-lucke.de\/index.php?rest_route=\/wp\/v2\/pages\/819","targetHints":{"allow":["GET"]}}],"collection":[{"href":"https:\/\/pascal-lucke.de\/index.php?rest_route=\/wp\/v2\/pages"}],"about":[{"href":"https:\/\/pascal-lucke.de\/index.php?rest_route=\/wp\/v2\/types\/page"}],"author":[{"embeddable":true,"href":"https:\/\/pascal-lucke.de\/index.php?rest_route=\/wp\/v2\/users\/2"}],"replies":[{"embeddable":true,"href":"https:\/\/pascal-lucke.de\/index.php?rest_route=%2Fwp%2Fv2%2Fcomments&post=819"}],"version-history":[{"count":9,"href":"https:\/\/pascal-lucke.de\/index.php?rest_route=\/wp\/v2\/pages\/819\/revisions"}],"predecessor-version":[{"id":843,"href":"https:\/\/pascal-lucke.de\/index.php?rest_route=\/wp\/v2\/pages\/819\/revisions\/843"}],"wp:featuredmedia":[{"embeddable":true,"href":"https:\/\/pascal-lucke.de\/index.php?rest_route=\/wp\/v2\/media\/805"}],"wp:attachment":[{"href":"https:\/\/pascal-lucke.de\/index.php?rest_route=%2Fwp%2Fv2%2Fmedia&parent=819"}],"curies":[{"name":"wp","href":"https:\/\/api.w.org\/{rel}","templated":true}]}}

Österliches Frühlingskonzert

<figure class="wp-block-image alignright size-medium is-resized"><img decoding="async" src="https://pascal-lucke.de/wp-content/uploads/2023/03/Logo-DB-Chor-300x300.jpeg" alt="" class="wp-image-840" width="200"/></figure>



<p class="wp-block-paragraph"><strong>Datum:</strong> 10. April 2023<br><strong>Uhrzeit:</strong> 16 Uhr<br><strong>Ort:</strong> Aula im Schulzentrum, Gymnasium Am Turmhof (Nyonsplatz, 53894 Mechernich)<br><strong>Ausführende:</strong> Dietrich-Bonhoeffer Chor und Ensemble<br><strong>Leitung:</strong> Pascal Lucke<br><strong>Eintritt:</strong> Frei, um eine Spende wird herzlich gebeten</p>



<p class="wp-block-paragraph">Am<strong> Ostermontag, dem 10. April, um 16 Uhr</strong>&nbsp;entführt der Dietrich-Bonhoeffer-Chor mit Orchester unter der Leitung von Pascal Lucke in die Welt der Filmmusik und erhebender Gesänge und schafft dabei eine einzigartige Verbindung von klassischer und modern-cineastischer Musik.&nbsp;</p>



<p class="wp-block-paragraph">Neben der emotionalen Musik ist besonders die Darbietung des Orchesters und die visuelle Unterstützung ein Höhepunkt, der die Zuhörer begeistern wird.&nbsp;</p>



<p class="wp-block-paragraph">Präsentiert werden Werke von John Rutter, Hans Zimmer, Händel und vielen mehr. Ein Erlebnis, welches Sie sich nicht entgehen lassen sollten! Der Eintritt ist frei, um Spenden wird herzlich gebeten. </p>



<p class="wp-block-paragraph">Foto: © Dr. Michael Stöhr</p>



<div class="wp-block-file"><a id="wp-block-file--media-a9f0d30f-d0e5-4092-9070-0e26fd0afee9" href="https://pascal-lucke.de/wp-content/uploads/2023/03/Plakat-Oesterliches-Fruehlingskonzert-2023-DB-Chor.pdf" target="_blank" rel="noreferrer noopener">Plakat Österliches Frühlingskonzert 2023 DB-Chor</a></div>

<p>Datum: 10. April 2023Uhrzeit: 16 UhrOrt: Aula im Schulzentrum, Gymnasium Am Turmhof (Nyonsplatz, 53894 Mechernich)Ausführende: Dietrich-Bonhoeffer Chor und EnsembleLeitung: Pascal LuckeEintritt: Frei, um eine Spende wird herzlich gebeten Am Ostermontag, dem 10. April, um 16 Uhr&nbsp;entführt der Dietrich-Bonhoeffer-Chor mit Orchester unter der Leitung von Pascal Lucke in die Welt der Filmmusik und erhebender Gesänge und [&hellip;]</p>

Datum: 10. April 2023Uhrzeit: 16 UhrOrt: Aula im Schulzentrum, Gymnasium Am Turmhof (Nyonsplatz, 53894 Mechernich)Ausführende: Dietrich-Bonhoeffer Chor und EnsembleLeitung: Pascal LuckeEintritt: Frei, um eine Spende wird herzlich gebeten Am Ostermontag, dem 10. April, um 16 Uhr&nbsp;entführt der Dietrich-Bonhoeffer-Chor mit Orchester unter der Leitung von Pascal Lucke in die Welt der Filmmusik und erhebender Gesänge und&hellip;

Veröffentlicht 3 Jahren vor

Veröffentlicht am März 19, 2023

Aktualisiert am März 22, 2023

Veröffentlicht am März 19, 2023 6:20 p.m.

Aktualisiert am März 22, 2023 1:59 p.m.
