{"id":763,"date":"2022-08-19T13:46:53","date_gmt":"2022-08-19T11:46:53","guid":{"rendered":"https:\/\/pascal-lucke.de\/?page_id=763"},"modified":"2022-08-19T16:14:10","modified_gmt":"2022-08-19T14:14:10","slug":"sommerkonzert-des-d-b-chor","status":"publish","type":"page","link":"https:\/\/pascal-lucke.de\/?page_id=763","title":{"rendered":"Emotional-Cineastisches Sommerkonzert"},"content":{"rendered":"\n<figure class=\"wp-block-image alignright size-full is-resized\"><img loading=\"lazy\" decoding=\"async\" src=\"https:\/\/pascal-lucke.de\/wp-content\/uploads\/2020\/07\/Unknown.png\" alt=\"\" class=\"wp-image-298\" width=\"171\" height=\"166\"\/><\/figure>\n\n\n\n<p class=\"wp-block-paragraph\"><strong>Datum:<\/strong> 18. September 2022<br><strong>Uhrzeit:<\/strong> 16 Uhr<br><strong>Ort:<\/strong> Evangelische Kirche Roggendorf (Landstra\u00dfe 24, 53894 Mechernich-Roggendorf)<br><strong>Eintritt:<\/strong> Frei, um eine Spende wird herzlich gebeten<\/p>\n\n\n\n<p class=\"wp-block-paragraph\">Am <strong>18. September 2022<\/strong> um <strong>16 Uhr<\/strong> entf\u00fchrt der Dietrich-Bonhoeffer-Chor mit Orchester unter der Leitung von Pascal Lucke in die Welt der Filmmusik und emotionaler Ges\u00e4nge. Neben der Musik ist die speziell f\u00fcr die Evangelische Kirche in Roggendorf entwickelte Videoinstallation ein nennenswerter H\u00f6hepunkt, der die Zuschauer zus\u00e4tzlich visuell begeistern wird. Pr\u00e4sentiert werden Werke von Ennio Morricone, John Williams, John Rutter und vielen mehr. Ein Erlebnis, welches Sie sich nicht entgehen lassen sollten! Der Eintritt ist frei, um Spenden wird herzlich gebeten.<\/p>\n\n\n\n<div class=\"wp-block-file\"><a id=\"wp-block-file--media-a2ed0257-01a5-4e02-ae9f-20e7c88446bb\" href=\"https:\/\/pascal-lucke.de\/wp-content\/uploads\/2022\/08\/DBH-Chor-2022-Sommerkonzert-Plakat-Foto-19.08.2022-scaled.jpg\" target=\"_blank\" rel=\"noreferrer noopener\">Plakat Sommerkonzert 2022 des D-B-Chor<\/a><\/div>\n\n\n\n<p class=\"wp-block-paragraph\"><\/p>\n","protected":false},"excerpt":{"rendered":"<p>Datum: 18. September 2022Uhrzeit: 16 UhrOrt: Evangelische Kirche Roggendorf (Landstra\u00dfe 24, 53894 Mechernich-Roggendorf)Eintritt: Frei, um eine Spende wird herzlich gebeten Am 18. September 2022 um 16 Uhr entf\u00fchrt der Dietrich-Bonhoeffer-Chor mit Orchester unter der Leitung von Pascal Lucke in die Welt der Filmmusik und emotionaler Ges\u00e4nge. Neben der Musik ist die speziell f\u00fcr die Evangelische [&hellip;]<\/p>\n","protected":false},"author":2,"featured_media":0,"parent":0,"menu_order":0,"comment_status":"closed","ping_status":"closed","template":"","meta":{"_crdt_document":"","_uag_custom_page_level_css":"","advgb_blocks_editor_width":"","advgb_blocks_columns_visual_guide":"","site-sidebar-layout":"default","site-content-layout":"","ast-site-content-layout":"default","site-content-style":"default","site-sidebar-style":"default","ast-global-header-display":"","ast-banner-title-visibility":"","ast-main-header-display":"","ast-hfb-above-header-display":"","ast-hfb-below-header-display":"","ast-hfb-mobile-header-display":"","site-post-title":"","ast-breadcrumbs-content":"","ast-featured-img":"","footer-sml-layout":"","ast-disable-related-posts":"","theme-transparent-header-meta":"","adv-header-id-meta":"","stick-header-meta":"","header-above-stick-meta":"","header-main-stick-meta":"","header-below-stick-meta":"","astra-migrate-meta-layouts":"default","ast-page-background-enabled":"default","ast-page-background-meta":{"desktop":{"background-color":"","background-image":"","background-repeat":"repeat","background-position":"center center","background-size":"auto","background-attachment":"scroll","background-type":"","background-media":"","overlay-type":"","overlay-color":"","overlay-opacity":"","overlay-gradient":""},"tablet":{"background-color":"","background-image":"","background-repeat":"repeat","background-position":"center center","background-size":"auto","background-attachment":"scroll","background-type":"","background-media":"","overlay-type":"","overlay-color":"","overlay-opacity":"","overlay-gradient":""},"mobile":{"background-color":"","background-image":"","background-repeat":"repeat","background-position":"center center","background-size":"auto","background-attachment":"scroll","background-type":"","background-media":"","overlay-type":"","overlay-color":"","overlay-opacity":"","overlay-gradient":""}},"ast-content-background-meta":{"desktop":{"background-color":"var(--ast-global-color-5)","background-image":"","background-repeat":"repeat","background-position":"center center","background-size":"auto","background-attachment":"scroll","background-type":"","background-media":"","overlay-type":"","overlay-color":"","overlay-opacity":"","overlay-gradient":""},"tablet":{"background-color":"var(--ast-global-color-5)","background-image":"","background-repeat":"repeat","background-position":"center center","background-size":"auto","background-attachment":"scroll","background-type":"","background-media":"","overlay-type":"","overlay-color":"","overlay-opacity":"","overlay-gradient":""},"mobile":{"background-color":"var(--ast-global-color-5)","background-image":"","background-repeat":"repeat","background-position":"center center","background-size":"auto","background-attachment":"scroll","background-type":"","background-media":"","overlay-type":"","overlay-color":"","overlay-opacity":"","overlay-gradient":""}},"ngg_post_thumbnail":0,"footnotes":""},"class_list":["post-763","page","type-page","status-publish","hentry"],"featured_image_src":null,"featured_image_src_square":null,"uagb_featured_image_src":{"full":false,"thumbnail":false,"medium":false,"medium_large":false,"large":false,"1536x1536":false,"2048x2048":false,"ab-block-post-grid-landscape":false,"ab-block-post-grid-square":false},"uagb_author_info":{"display_name":"PL","author_link":"https:\/\/pascal-lucke.de\/?author=2"},"uagb_comment_info":0,"uagb_excerpt":"Datum: 18. September 2022Uhrzeit: 16 UhrOrt: Evangelische Kirche Roggendorf (Landstra\u00dfe 24, 53894 Mechernich-Roggendorf)Eintritt: Frei, um eine Spende wird herzlich gebeten Am 18. September 2022 um 16 Uhr entf\u00fchrt der Dietrich-Bonhoeffer-Chor mit Orchester unter der Leitung von Pascal Lucke in die Welt der Filmmusik und emotionaler Ges\u00e4nge. Neben der Musik ist die speziell f\u00fcr die Evangelische&hellip;","coauthors":[],"author_meta":{"author_link":"https:\/\/pascal-lucke.de\/?author=2","display_name":"PL"},"relative_dates":{"created":"Ver\u00f6ffentlicht 4\u00a0Jahren vor","modified":"Aktualisiert 4\u00a0Jahren vor"},"absolute_dates":{"created":"Ver\u00f6ffentlicht am August 19, 2022","modified":"Aktualisiert am August 19, 2022"},"absolute_dates_time":{"created":"Ver\u00f6ffentlicht am August 19, 2022 1:46 p.m.","modified":"Aktualisiert am August 19, 2022 4:14 p.m."},"featured_img_caption":"","featured_img":false,"series_order":"","_links":{"self":[{"href":"https:\/\/pascal-lucke.de\/index.php?rest_route=\/wp\/v2\/pages\/763","targetHints":{"allow":["GET"]}}],"collection":[{"href":"https:\/\/pascal-lucke.de\/index.php?rest_route=\/wp\/v2\/pages"}],"about":[{"href":"https:\/\/pascal-lucke.de\/index.php?rest_route=\/wp\/v2\/types\/page"}],"author":[{"embeddable":true,"href":"https:\/\/pascal-lucke.de\/index.php?rest_route=\/wp\/v2\/users\/2"}],"replies":[{"embeddable":true,"href":"https:\/\/pascal-lucke.de\/index.php?rest_route=%2Fwp%2Fv2%2Fcomments&post=763"}],"version-history":[{"count":11,"href":"https:\/\/pascal-lucke.de\/index.php?rest_route=\/wp\/v2\/pages\/763\/revisions"}],"predecessor-version":[{"id":782,"href":"https:\/\/pascal-lucke.de\/index.php?rest_route=\/wp\/v2\/pages\/763\/revisions\/782"}],"wp:attachment":[{"href":"https:\/\/pascal-lucke.de\/index.php?rest_route=%2Fwp%2Fv2%2Fmedia&parent=763"}],"curies":[{"name":"wp","href":"https:\/\/api.w.org\/{rel}","templated":true}]}}

<figure class="wp-block-image alignright size-full is-resized"><img loading="lazy" decoding="async" src="https://pascal-lucke.de/wp-content/uploads/2020/07/Unknown.png" alt="" class="wp-image-298" width="171" height="166"/></figure>



<p class="wp-block-paragraph"><strong>Datum:</strong> 18. September 2022<br><strong>Uhrzeit:</strong> 16 Uhr<br><strong>Ort:</strong> Evangelische Kirche Roggendorf (Landstraße 24, 53894 Mechernich-Roggendorf)<br><strong>Eintritt:</strong> Frei, um eine Spende wird herzlich gebeten</p>



<p class="wp-block-paragraph">Am <strong>18. September 2022</strong> um <strong>16 Uhr</strong> entführt der Dietrich-Bonhoeffer-Chor mit Orchester unter der Leitung von Pascal Lucke in die Welt der Filmmusik und emotionaler Gesänge. Neben der Musik ist die speziell für die Evangelische Kirche in Roggendorf entwickelte Videoinstallation ein nennenswerter Höhepunkt, der die Zuschauer zusätzlich visuell begeistern wird. Präsentiert werden Werke von Ennio Morricone, John Williams, John Rutter und vielen mehr. Ein Erlebnis, welches Sie sich nicht entgehen lassen sollten! Der Eintritt ist frei, um Spenden wird herzlich gebeten.</p>



<div class="wp-block-file"><a id="wp-block-file--media-a2ed0257-01a5-4e02-ae9f-20e7c88446bb" href="https://pascal-lucke.de/wp-content/uploads/2022/08/DBH-Chor-2022-Sommerkonzert-Plakat-Foto-19.08.2022-scaled.jpg" target="_blank" rel="noreferrer noopener">Plakat Sommerkonzert 2022 des D-B-Chor</a></div>



<p class="wp-block-paragraph"></p>

<p>Datum: 18. September 2022Uhrzeit: 16 UhrOrt: Evangelische Kirche Roggendorf (Landstraße 24, 53894 Mechernich-Roggendorf)Eintritt: Frei, um eine Spende wird herzlich gebeten Am 18. September 2022 um 16 Uhr entführt der Dietrich-Bonhoeffer-Chor mit Orchester unter der Leitung von Pascal Lucke in die Welt der Filmmusik und emotionaler Gesänge. Neben der Musik ist die speziell für die Evangelische [&hellip;]</p>

Datum: 18. September 2022Uhrzeit: 16 UhrOrt: Evangelische Kirche Roggendorf (Landstraße 24, 53894 Mechernich-Roggendorf)Eintritt: Frei, um eine Spende wird herzlich gebeten Am 18. September 2022 um 16 Uhr entführt der Dietrich-Bonhoeffer-Chor mit Orchester unter der Leitung von Pascal Lucke in die Welt der Filmmusik und emotionaler Gesänge. Neben der Musik ist die speziell für die Evangelische&hellip;

Veröffentlicht 4 Jahren vor

Veröffentlicht am August 19, 2022

Veröffentlicht am August 19, 2022 1:46 p.m.
