{"id":1112,"date":"2024-10-24T13:07:28","date_gmt":"2024-10-24T11:07:28","guid":{"rendered":"https:\/\/pascal-lucke.de\/?page_id=1112"},"modified":"2024-12-04T17:37:39","modified_gmt":"2024-12-04T16:37:39","slug":"weihnachtliches-adventskonzert-2024","status":"publish","type":"page","link":"https:\/\/pascal-lucke.de\/?page_id=1112","title":{"rendered":"Weihnachtliches Adventskonzert 2024"},"content":{"rendered":"\n<p class=\"wp-block-paragraph\"><strong>Datum:&nbsp;<\/strong>15. Dezember 2024<br><strong>Beginn:&nbsp;<\/strong>16 Uhr<br><strong>Einlass:&nbsp;<\/strong>15:30 Uhr<br><strong>Ort:&nbsp;<\/strong>Aula im Schulzentrum, Gymnasium am Turmhof (Nyonsplatz, 53894 Mechernich)&nbsp;<br><strong>Ausf\u00fchrende:&nbsp;<\/strong>Dietrich-Bonhoeffer-Chor und Ensemble<br><strong>Leitung:&nbsp;<\/strong>Pascal Lucke<br><strong>Eintritt:&nbsp;<\/strong>Frei, um eine Spende wird herzlich gebeten<\/p>\n\n\n\n<p class=\"wp-block-paragraph\">Am Sonntag, den 15. Dezember 2024, l\u00e4dt der Dietrich-Bonhoeffer-Chor, unter der Leitung von Pascal Lucke, zu einem festlichen Adventskonzert in der Aula des Schulzentrums in Mechernich ein. Unter dem Motto \u201eWeihnachtliches Adventskonzert\u201c erwartet die G\u00e4ste ein abwechslungsreiches musikalisches Programm, das die besinnliche Stimmung der Adventszeit einf\u00e4ngt. Das Konzert beginnt um 16 Uhr, Einlass ist ab 15:30 Uhr.<\/p>\n\n\n\n<p class=\"wp-block-paragraph\">Der Dietrich-Bonhoeffer-Chor, bekannt f\u00fcr seine leidenschaftlichen Darbietungen und hohe musikalische Qualit\u00e4t, wird ein facettenreiches Repertoire pr\u00e4sentieren. Die Besucher k\u00f6nnen sich auf ber\u00fchmte Melodien aus dem weltbekannten Musical\u00a0<em>Les Mis\u00e9rables<\/em> freuen, die mit emotionaler Tiefe und eindrucksvoller Harmonie vorgetragen werden.<\/p>\n\n\n\n<p class=\"wp-block-paragraph\">Ein weiterer H\u00f6hepunkt des Konzerts sind die musikalischen Einlagen aus der Videospielmusik von&nbsp;<em>Civilization VI<\/em>, die f\u00fcr viele eine nostalgische und gleichzeitig ergreifende Atmosph\u00e4re schaffen werden. Dar\u00fcber hinaus wird der Chor klassische St\u00fccke wie&nbsp;<em>Transeamus, Pastores&nbsp;<\/em>sowie Werke von renommierten K\u00fcnstlern wie Era, Mariah Carey und Enya auff\u00fchren. Diese vielf\u00e4ltige Auswahl an Genres sorgt f\u00fcr ein rundum bereicherndes Klangerlebnis und zeigt die breite musikalische Palette, die der Dietrich-Bonhoeffer-Chor zu bieten hat.<\/p>\n\n\n\n<p class=\"wp-block-paragraph\">Ein Erlebnis, welches Sie sich nicht entgehen lassen sollten! Der Eintritt ist frei, um Spenden wird herzlich gebeten.<\/p>\n\n\n\n<div class=\"wp-block-advgb-button aligncenter is-style-outlined advgb-dyn-d3dfbcd2\"><a class=\"wp-block-advgb-button_link advgbbtn-455e9f27-1e6e-435f-b3c9-686181c437c3\" href=\"https:\/\/whatsapp.com\/channel\/0029ValEcbZ0bIdoZenYD72A\" target=\"_blank\" rel=\"noopener noreferrer\"><span>Hier k\u00f6nnen Sie unserem kostenlosen<br>WhatsApp-Kanal beitreten!<\/span><\/a><\/div>\n\n\n\n<p class=\"wp-block-paragraph\"><\/p>\n\n\n\n<div class=\"wp-block-file\"><a id=\"wp-block-file--media-096b58a5-f22c-454c-9d0a-84dd4a7f87ff\" href=\"https:\/\/pascal-lucke.de\/wp-content\/uploads\/2024\/10\/Plakat-Adventskonzert-2024-DBC-scaled.jpeg\" target=\"_blank\" rel=\"noreferrer noopener\">Plakat Weihnachtliches Adventskonzert 2024 DBC<\/a><\/div>\n\n\n\n<div class=\"wp-block-file\"><a id=\"wp-block-file--media-9df6222e-5810-46c2-b91f-837df6e4f8ad\" href=\"https:\/\/pascal-lucke.de\/wp-content\/uploads\/2024\/10\/Pressetext-Weihnachtliches-Adventskonzert-2024-DBC.pdf\" target=\"_blank\" rel=\"noreferrer noopener\">Pressetext Weihnachtliches Adventskonzert 2024 DBC<\/a><\/div>\n\n\n\n<p class=\"wp-block-paragraph\"><\/p>\n<style class=\"advgb-styles-renderer\">.advgbbtn-455e9f27-1e6e-435f-b3c9-686181c437c3{font-size:18px;color:var(--ast-global-color-2) !important;background-color:#2196f3 !important;margin:0px 0px 0px 0px !important;padding:10px 30px 10px 30px;border-width:1px !important;border-style:none;border-radius:50px !important;}.advgbbtn-455e9f27-1e6e-435f-b3c9-686181c437c3:hover{box-shadow:1px 1px 12px 0px #ccc;opacity:1;transition:all 0.2s ease;}.advgbbtn-455e9f27-1e6e-435f-b3c9-686181c437c3 > i {display: none !important;}<\/style>","protected":false},"excerpt":{"rendered":"<p>Datum:&nbsp;15. Dezember 2024Beginn:&nbsp;16 UhrEinlass:&nbsp;15:30 UhrOrt:&nbsp;Aula im Schulzentrum, Gymnasium am Turmhof (Nyonsplatz, 53894 Mechernich)&nbsp;Ausf\u00fchrende:&nbsp;Dietrich-Bonhoeffer-Chor und EnsembleLeitung:&nbsp;Pascal LuckeEintritt:&nbsp;Frei, um eine Spende wird herzlich gebeten Am Sonntag, den 15. Dezember 2024, l\u00e4dt der Dietrich-Bonhoeffer-Chor, unter der Leitung von Pascal Lucke, zu einem festlichen Adventskonzert in der Aula des Schulzentrums in Mechernich ein. Unter dem Motto \u201eWeihnachtliches Adventskonzert\u201c erwartet [&hellip;]<\/p>\n","protected":false},"author":2,"featured_media":840,"parent":0,"menu_order":0,"comment_status":"closed","ping_status":"closed","template":"","meta":{"_crdt_document":"","_uag_custom_page_level_css":"","advgb_blocks_editor_width":"","advgb_blocks_columns_visual_guide":"","site-sidebar-layout":"default","site-content-layout":"","ast-site-content-layout":"default","site-content-style":"default","site-sidebar-style":"default","ast-global-header-display":"","ast-banner-title-visibility":"","ast-main-header-display":"","ast-hfb-above-header-display":"","ast-hfb-below-header-display":"","ast-hfb-mobile-header-display":"","site-post-title":"","ast-breadcrumbs-content":"","ast-featured-img":"","footer-sml-layout":"","ast-disable-related-posts":"","theme-transparent-header-meta":"","adv-header-id-meta":"","stick-header-meta":"","header-above-stick-meta":"","header-main-stick-meta":"","header-below-stick-meta":"","astra-migrate-meta-layouts":"set","ast-page-background-enabled":"default","ast-page-background-meta":{"desktop":{"background-color":"","background-image":"","background-repeat":"repeat","background-position":"center center","background-size":"auto","background-attachment":"scroll","background-type":"","background-media":"","overlay-type":"","overlay-color":"","overlay-opacity":"","overlay-gradient":""},"tablet":{"background-color":"","background-image":"","background-repeat":"repeat","background-position":"center center","background-size":"auto","background-attachment":"scroll","background-type":"","background-media":"","overlay-type":"","overlay-color":"","overlay-opacity":"","overlay-gradient":""},"mobile":{"background-color":"","background-image":"","background-repeat":"repeat","background-position":"center center","background-size":"auto","background-attachment":"scroll","background-type":"","background-media":"","overlay-type":"","overlay-color":"","overlay-opacity":"","overlay-gradient":""}},"ast-content-background-meta":{"desktop":{"background-color":"var(--ast-global-color-5)","background-image":"","background-repeat":"repeat","background-position":"center center","background-size":"auto","background-attachment":"scroll","background-type":"","background-media":"","overlay-type":"","overlay-color":"","overlay-opacity":"","overlay-gradient":""},"tablet":{"background-color":"var(--ast-global-color-5)","background-image":"","background-repeat":"repeat","background-position":"center center","background-size":"auto","background-attachment":"scroll","background-type":"","background-media":"","overlay-type":"","overlay-color":"","overlay-opacity":"","overlay-gradient":""},"mobile":{"background-color":"var(--ast-global-color-5)","background-image":"","background-repeat":"repeat","background-position":"center center","background-size":"auto","background-attachment":"scroll","background-type":"","background-media":"","overlay-type":"","overlay-color":"","overlay-opacity":"","overlay-gradient":""}},"ngg_post_thumbnail":0,"footnotes":""},"class_list":["post-1112","page","type-page","status-publish","has-post-thumbnail","hentry"],"featured_image_src":"https:\/\/pascal-lucke.de\/wp-content\/uploads\/2023\/03\/Logo-DB-Chor-e1729767539892-600x400.jpeg","featured_image_src_square":"https:\/\/pascal-lucke.de\/wp-content\/uploads\/2023\/03\/Logo-DB-Chor-e1729767539892-600x497.jpeg","uagb_featured_image_src":{"full":["https:\/\/pascal-lucke.de\/wp-content\/uploads\/2023\/03\/Logo-DB-Chor-e1729767539892.jpeg",1500,497,false],"thumbnail":["https:\/\/pascal-lucke.de\/wp-content\/uploads\/2023\/03\/Logo-DB-Chor-e1729767539892-150x150.jpeg",150,150,true],"medium":["https:\/\/pascal-lucke.de\/wp-content\/uploads\/2023\/03\/Logo-DB-Chor-e1729767539892-300x99.jpeg",300,99,true],"medium_large":["https:\/\/pascal-lucke.de\/wp-content\/uploads\/2023\/03\/Logo-DB-Chor-e1729767539892-768x254.jpeg",768,254,true],"large":["https:\/\/pascal-lucke.de\/wp-content\/uploads\/2023\/03\/Logo-DB-Chor-e1729767539892.jpeg",1500,497,false],"1536x1536":["https:\/\/pascal-lucke.de\/wp-content\/uploads\/2023\/03\/Logo-DB-Chor-e1729767539892.jpeg",1500,497,false],"2048x2048":["https:\/\/pascal-lucke.de\/wp-content\/uploads\/2023\/03\/Logo-DB-Chor-e1729767539892.jpeg",1500,497,false],"ab-block-post-grid-landscape":["https:\/\/pascal-lucke.de\/wp-content\/uploads\/2023\/03\/Logo-DB-Chor-e1729767539892-600x400.jpeg",600,400,true],"ab-block-post-grid-square":["https:\/\/pascal-lucke.de\/wp-content\/uploads\/2023\/03\/Logo-DB-Chor-e1729767539892-600x497.jpeg",600,497,true]},"uagb_author_info":{"display_name":"PL","author_link":"https:\/\/pascal-lucke.de\/?author=2"},"uagb_comment_info":0,"uagb_excerpt":"Datum:&nbsp;15. Dezember 2024Beginn:&nbsp;16 UhrEinlass:&nbsp;15:30 UhrOrt:&nbsp;Aula im Schulzentrum, Gymnasium am Turmhof (Nyonsplatz, 53894 Mechernich)&nbsp;Ausf\u00fchrende:&nbsp;Dietrich-Bonhoeffer-Chor und EnsembleLeitung:&nbsp;Pascal LuckeEintritt:&nbsp;Frei, um eine Spende wird herzlich gebeten Am Sonntag, den 15. Dezember 2024, l\u00e4dt der Dietrich-Bonhoeffer-Chor, unter der Leitung von Pascal Lucke, zu einem festlichen Adventskonzert in der Aula des Schulzentrums in Mechernich ein. Unter dem Motto \u201eWeihnachtliches Adventskonzert\u201c erwartet&hellip;","coauthors":[],"author_meta":{"author_link":"https:\/\/pascal-lucke.de\/?author=2","display_name":"PL"},"relative_dates":{"created":"Ver\u00f6ffentlicht 2\u00a0Jahren vor","modified":"Aktualisiert 1\u00a0Jahr vor"},"absolute_dates":{"created":"Ver\u00f6ffentlicht am Oktober 24, 2024","modified":"Aktualisiert am Dezember 4, 2024"},"absolute_dates_time":{"created":"Ver\u00f6ffentlicht am Oktober 24, 2024 1:07 p.m.","modified":"Aktualisiert am Dezember 4, 2024 5:37 p.m."},"featured_img_caption":"","featured_img":"https:\/\/pascal-lucke.de\/wp-content\/uploads\/2023\/03\/Logo-DB-Chor-e1729767539892.jpeg","series_order":"","_links":{"self":[{"href":"https:\/\/pascal-lucke.de\/index.php?rest_route=\/wp\/v2\/pages\/1112","targetHints":{"allow":["GET"]}}],"collection":[{"href":"https:\/\/pascal-lucke.de\/index.php?rest_route=\/wp\/v2\/pages"}],"about":[{"href":"https:\/\/pascal-lucke.de\/index.php?rest_route=\/wp\/v2\/types\/page"}],"author":[{"embeddable":true,"href":"https:\/\/pascal-lucke.de\/index.php?rest_route=\/wp\/v2\/users\/2"}],"replies":[{"embeddable":true,"href":"https:\/\/pascal-lucke.de\/index.php?rest_route=%2Fwp%2Fv2%2Fcomments&post=1112"}],"version-history":[{"count":3,"href":"https:\/\/pascal-lucke.de\/index.php?rest_route=\/wp\/v2\/pages\/1112\/revisions"}],"predecessor-version":[{"id":1148,"href":"https:\/\/pascal-lucke.de\/index.php?rest_route=\/wp\/v2\/pages\/1112\/revisions\/1148"}],"wp:featuredmedia":[{"embeddable":true,"href":"https:\/\/pascal-lucke.de\/index.php?rest_route=\/wp\/v2\/media\/840"}],"wp:attachment":[{"href":"https:\/\/pascal-lucke.de\/index.php?rest_route=%2Fwp%2Fv2%2Fmedia&parent=1112"}],"curies":[{"name":"wp","href":"https:\/\/api.w.org\/{rel}","templated":true}]}}

<p class="wp-block-paragraph"><strong>Datum:&nbsp;</strong>15. Dezember 2024<br><strong>Beginn:&nbsp;</strong>16 Uhr<br><strong>Einlass:&nbsp;</strong>15:30 Uhr<br><strong>Ort:&nbsp;</strong>Aula im Schulzentrum, Gymnasium am Turmhof (Nyonsplatz, 53894 Mechernich)&nbsp;<br><strong>Ausführende:&nbsp;</strong>Dietrich-Bonhoeffer-Chor und Ensemble<br><strong>Leitung:&nbsp;</strong>Pascal Lucke<br><strong>Eintritt:&nbsp;</strong>Frei, um eine Spende wird herzlich gebeten</p>



<p class="wp-block-paragraph">Am Sonntag, den 15. Dezember 2024, lädt der Dietrich-Bonhoeffer-Chor, unter der Leitung von Pascal Lucke, zu einem festlichen Adventskonzert in der Aula des Schulzentrums in Mechernich ein. Unter dem Motto „Weihnachtliches Adventskonzert“ erwartet die Gäste ein abwechslungsreiches musikalisches Programm, das die besinnliche Stimmung der Adventszeit einfängt. Das Konzert beginnt um 16 Uhr, Einlass ist ab 15:30 Uhr.</p>



<p class="wp-block-paragraph">Der Dietrich-Bonhoeffer-Chor, bekannt für seine leidenschaftlichen Darbietungen und hohe musikalische Qualität, wird ein facettenreiches Repertoire präsentieren. Die Besucher können sich auf berühmte Melodien aus dem weltbekannten Musical <em>Les Misérables</em> freuen, die mit emotionaler Tiefe und eindrucksvoller Harmonie vorgetragen werden.</p>



<p class="wp-block-paragraph">Ein weiterer Höhepunkt des Konzerts sind die musikalischen Einlagen aus der Videospielmusik von&nbsp;<em>Civilization VI</em>, die für viele eine nostalgische und gleichzeitig ergreifende Atmosphäre schaffen werden. Darüber hinaus wird der Chor klassische Stücke wie&nbsp;<em>Transeamus, Pastores&nbsp;</em>sowie Werke von renommierten Künstlern wie Era, Mariah Carey und Enya aufführen. Diese vielfältige Auswahl an Genres sorgt für ein rundum bereicherndes Klangerlebnis und zeigt die breite musikalische Palette, die der Dietrich-Bonhoeffer-Chor zu bieten hat.</p>



<p class="wp-block-paragraph">Ein Erlebnis, welches Sie sich nicht entgehen lassen sollten! Der Eintritt ist frei, um Spenden wird herzlich gebeten.</p>



<div class="wp-block-advgb-button aligncenter is-style-outlined advgb-dyn-d3dfbcd2"><a class="wp-block-advgb-button_link advgbbtn-455e9f27-1e6e-435f-b3c9-686181c437c3" href="https://whatsapp.com/channel/0029ValEcbZ0bIdoZenYD72A" target="_blank" rel="noopener noreferrer"><span>Hier können Sie unserem kostenlosen<br>WhatsApp-Kanal beitreten!</span></a></div>



<p class="wp-block-paragraph"></p>



<div class="wp-block-file"><a id="wp-block-file--media-096b58a5-f22c-454c-9d0a-84dd4a7f87ff" href="https://pascal-lucke.de/wp-content/uploads/2024/10/Plakat-Adventskonzert-2024-DBC-scaled.jpeg" target="_blank" rel="noreferrer noopener">Plakat Weihnachtliches Adventskonzert 2024 DBC</a></div>



<div class="wp-block-file"><a id="wp-block-file--media-9df6222e-5810-46c2-b91f-837df6e4f8ad" href="https://pascal-lucke.de/wp-content/uploads/2024/10/Pressetext-Weihnachtliches-Adventskonzert-2024-DBC.pdf" target="_blank" rel="noreferrer noopener">Pressetext Weihnachtliches Adventskonzert 2024 DBC</a></div>



<p class="wp-block-paragraph"></p>
<style class="advgb-styles-renderer">.advgbbtn-455e9f27-1e6e-435f-b3c9-686181c437c3{font-size:18px;color:var(--ast-global-color-2) !important;background-color:#2196f3 !important;margin:0px 0px 0px 0px !important;padding:10px 30px 10px 30px;border-width:1px !important;border-style:none;border-radius:50px !important;}.advgbbtn-455e9f27-1e6e-435f-b3c9-686181c437c3:hover{box-shadow:1px 1px 12px 0px #ccc;opacity:1;transition:all 0.2s ease;}.advgbbtn-455e9f27-1e6e-435f-b3c9-686181c437c3 > i {display: none !important;}</style>

<p>Datum:&nbsp;15. Dezember 2024Beginn:&nbsp;16 UhrEinlass:&nbsp;15:30 UhrOrt:&nbsp;Aula im Schulzentrum, Gymnasium am Turmhof (Nyonsplatz, 53894 Mechernich)&nbsp;Ausführende:&nbsp;Dietrich-Bonhoeffer-Chor und EnsembleLeitung:&nbsp;Pascal LuckeEintritt:&nbsp;Frei, um eine Spende wird herzlich gebeten Am Sonntag, den 15. Dezember 2024, lädt der Dietrich-Bonhoeffer-Chor, unter der Leitung von Pascal Lucke, zu einem festlichen Adventskonzert in der Aula des Schulzentrums in Mechernich ein. Unter dem Motto „Weihnachtliches Adventskonzert“ erwartet [&hellip;]</p>

Datum:&nbsp;15. Dezember 2024Beginn:&nbsp;16 UhrEinlass:&nbsp;15:30 UhrOrt:&nbsp;Aula im Schulzentrum, Gymnasium am Turmhof (Nyonsplatz, 53894 Mechernich)&nbsp;Ausführende:&nbsp;Dietrich-Bonhoeffer-Chor und EnsembleLeitung:&nbsp;Pascal LuckeEintritt:&nbsp;Frei, um eine Spende wird herzlich gebeten Am Sonntag, den 15. Dezember 2024, lädt der Dietrich-Bonhoeffer-Chor, unter der Leitung von Pascal Lucke, zu einem festlichen Adventskonzert in der Aula des Schulzentrums in Mechernich ein. Unter dem Motto „Weihnachtliches Adventskonzert“ erwartet&hellip;

Veröffentlicht 2 Jahren vor

Veröffentlicht am Oktober 24, 2024

Veröffentlicht am Oktober 24, 2024 1:07 p.m.
