{"id":1013,"date":"2024-02-25T11:46:40","date_gmt":"2024-02-25T10:46:40","guid":{"rendered":"https:\/\/pascal-lucke.de\/?page_id=1013"},"modified":"2024-02-27T11:30:31","modified_gmt":"2024-02-27T10:30:31","slug":"oesterliches-fruehlingskonzert-2024","status":"publish","type":"page","link":"https:\/\/pascal-lucke.de\/?page_id=1013","title":{"rendered":"\u00d6sterliches Fr\u00fchlingskonzert 2024"},"content":{"rendered":"\n<p class=\"wp-block-paragraph\"><strong>Datum:<\/strong>&nbsp;01. April 2024<br><strong>Beginn:<\/strong>&nbsp;16 Uhr<br><strong>Einlass:<\/strong>&nbsp;15 Uhr<br><strong>Ort:<\/strong>&nbsp;Aula im Schulzentrum, Gymnasium Am Turmhof (Nyonsplatz, 53894 Mechernich)<br><strong>Ausf\u00fchrende:<\/strong>&nbsp;Dietrich-Bonhoeffer Chor und Ensemble<br><strong>Leitung:<\/strong>&nbsp;Pascal Lucke<br><strong>Eintritt:<\/strong>&nbsp;Frei, um eine Spende wird herzlich gebeten<\/p>\n\n\n\n<p class=\"wp-block-paragraph\">Der Fr\u00fchling h\u00e4lt Einzug in Mechernich und mit ihm die herrliche Musik des Dietrich-Bonhoeffer-Chores. Am&nbsp;<strong>1. April 2024<\/strong>&nbsp;um&nbsp;<strong>16 Uhr<\/strong>&nbsp;l\u00e4dt der Chor alle Musikbegeisterten zu einem \u00f6sterlichen Fr\u00fchlingskonzert in die Aula des Schulzentrums Mechernich ein.<\/p>\n\n\n\n<figure class=\"wp-block-image alignright size-full is-resized\"><img decoding=\"async\" src=\"https:\/\/pascal-lucke.de\/wp-content\/uploads\/2023\/03\/Logo-DB-Chor.jpeg\" alt=\"\" class=\"wp-image-840\" style=\"width:250px\"\/><\/figure>\n\n\n\n<p class=\"wp-block-paragraph\">Unter der Leitung von Pascal Lucke verspricht der Dietrich-Bonhoeffer-Chor ein Konzert, das die Seele erw\u00e4rmt und die Vorfreude auf Ostern weckt. Die Aula des Schulzentrums wird zum Schauplatz f\u00fcr eine zauberhafte musikalische Darbietung, die die Zuh\u00f6rer in den Bann ziehen wird.<\/p>\n\n\n\n<p class=\"wp-block-paragraph\">Das Programm des Abends umfasst eine vielf\u00e4ltige Auswahl an St\u00fccken, die von renommierten Komponisten wie Ennio Morricone, Hans Zimmer, Elton John, Ola Gjeilo und John Rutter stammen. Von epischen Filmmusiken bis hin zu zarten, harmonischen Kl\u00e4ngen \u2013 der Dietrich-Bonhoeffer-Chor pr\u00e4sentiert ein Repertoire, das die gesamte Bandbreite der Musikgen\u00fcsse abdeckt.<\/p>\n\n\n\n<p class=\"wp-block-paragraph\">Neben den Werken der Meisterkomponisten entf\u00fchren die choreigenen Solisten ihr Publikum auch in die Welt der Musicals, die die Herzen ber\u00fchren und die Fr\u00fchlingsgef\u00fchle wecken.<\/p>\n\n\n\n<p class=\"wp-block-paragraph\">Der Dietrich-Bonhoeffer-Chor besteht aus talentierten S\u00e4ngerinnen und S\u00e4ngern, die mit ihrer Leidenschaft und ihrem K\u00f6nnen das Publikum begeistern. Ihre Stimmen verschmelzen zu einem harmonischen Klangteppich, der die Zuh\u00f6rer in eine Welt voller Emotionen entf\u00fchrt.<\/p>\n\n\n\n<p class=\"wp-block-paragraph\">Ein Erlebnis, welches Sie sich nicht entgehen lassen sollten! Der Eintritt ist frei, um Spenden wird herzlich gebeten.<\/p>\n\n\n\n<div class=\"wp-block-file\"><a id=\"wp-block-file--media-f40635a6-cf33-4f87-a71d-4cf0f5800423\" href=\"https:\/\/pascal-lucke.de\/wp-content\/uploads\/2024\/02\/Osterkonzert-2024-DBC.pdf\" target=\"_blank\" rel=\"noreferrer noopener\">Plakat Osterkonzert 2024<\/a><\/div>\n","protected":false},"excerpt":{"rendered":"<p>Datum:&nbsp;01. April 2024Beginn:&nbsp;16 UhrEinlass:&nbsp;15 UhrOrt:&nbsp;Aula im Schulzentrum, Gymnasium Am Turmhof (Nyonsplatz, 53894 Mechernich)Ausf\u00fchrende:&nbsp;Dietrich-Bonhoeffer Chor und EnsembleLeitung:&nbsp;Pascal LuckeEintritt:&nbsp;Frei, um eine Spende wird herzlich gebeten Der Fr\u00fchling h\u00e4lt Einzug in Mechernich und mit ihm die herrliche Musik des Dietrich-Bonhoeffer-Chores. Am&nbsp;1. April 2024&nbsp;um&nbsp;16 Uhr&nbsp;l\u00e4dt der Chor alle Musikbegeisterten zu einem \u00f6sterlichen Fr\u00fchlingskonzert in die Aula des Schulzentrums Mechernich [&hellip;]<\/p>\n","protected":false},"author":2,"featured_media":1019,"parent":0,"menu_order":0,"comment_status":"closed","ping_status":"closed","template":"","meta":{"_crdt_document":"","_uag_custom_page_level_css":"","advgb_blocks_editor_width":"","advgb_blocks_columns_visual_guide":"","site-sidebar-layout":"default","site-content-layout":"","ast-site-content-layout":"default","site-content-style":"default","site-sidebar-style":"default","ast-global-header-display":"","ast-banner-title-visibility":"","ast-main-header-display":"","ast-hfb-above-header-display":"","ast-hfb-below-header-display":"","ast-hfb-mobile-header-display":"","site-post-title":"","ast-breadcrumbs-content":"","ast-featured-img":"","footer-sml-layout":"","ast-disable-related-posts":"","theme-transparent-header-meta":"","adv-header-id-meta":"","stick-header-meta":"","header-above-stick-meta":"","header-main-stick-meta":"","header-below-stick-meta":"","astra-migrate-meta-layouts":"set","ast-page-background-enabled":"default","ast-page-background-meta":{"desktop":{"background-color":"","background-image":"","background-repeat":"repeat","background-position":"center center","background-size":"auto","background-attachment":"scroll","background-type":"","background-media":"","overlay-type":"","overlay-color":"","overlay-opacity":"","overlay-gradient":""},"tablet":{"background-color":"","background-image":"","background-repeat":"repeat","background-position":"center center","background-size":"auto","background-attachment":"scroll","background-type":"","background-media":"","overlay-type":"","overlay-color":"","overlay-opacity":"","overlay-gradient":""},"mobile":{"background-color":"","background-image":"","background-repeat":"repeat","background-position":"center center","background-size":"auto","background-attachment":"scroll","background-type":"","background-media":"","overlay-type":"","overlay-color":"","overlay-opacity":"","overlay-gradient":""}},"ast-content-background-meta":{"desktop":{"background-color":"var(--ast-global-color-5)","background-image":"","background-repeat":"repeat","background-position":"center center","background-size":"auto","background-attachment":"scroll","background-type":"","background-media":"","overlay-type":"","overlay-color":"","overlay-opacity":"","overlay-gradient":""},"tablet":{"background-color":"var(--ast-global-color-5)","background-image":"","background-repeat":"repeat","background-position":"center center","background-size":"auto","background-attachment":"scroll","background-type":"","background-media":"","overlay-type":"","overlay-color":"","overlay-opacity":"","overlay-gradient":""},"mobile":{"background-color":"var(--ast-global-color-5)","background-image":"","background-repeat":"repeat","background-position":"center center","background-size":"auto","background-attachment":"scroll","background-type":"","background-media":"","overlay-type":"","overlay-color":"","overlay-opacity":"","overlay-gradient":""}},"ngg_post_thumbnail":0,"footnotes":""},"class_list":["post-1013","page","type-page","status-publish","has-post-thumbnail","hentry"],"featured_image_src":"https:\/\/pascal-lucke.de\/wp-content\/uploads\/2024\/02\/Bildschirmfoto-2024-02-23-um-13.49.22-600x233.png","featured_image_src_square":"https:\/\/pascal-lucke.de\/wp-content\/uploads\/2024\/02\/Bildschirmfoto-2024-02-23-um-13.49.22-600x233.png","uagb_featured_image_src":{"full":["https:\/\/pascal-lucke.de\/wp-content\/uploads\/2024\/02\/Bildschirmfoto-2024-02-23-um-13.49.22.png",613,233,false],"thumbnail":["https:\/\/pascal-lucke.de\/wp-content\/uploads\/2024\/02\/Bildschirmfoto-2024-02-23-um-13.49.22-150x150.png",150,150,true],"medium":["https:\/\/pascal-lucke.de\/wp-content\/uploads\/2024\/02\/Bildschirmfoto-2024-02-23-um-13.49.22-300x114.png",300,114,true],"medium_large":["https:\/\/pascal-lucke.de\/wp-content\/uploads\/2024\/02\/Bildschirmfoto-2024-02-23-um-13.49.22.png",613,233,false],"large":["https:\/\/pascal-lucke.de\/wp-content\/uploads\/2024\/02\/Bildschirmfoto-2024-02-23-um-13.49.22.png",613,233,false],"1536x1536":["https:\/\/pascal-lucke.de\/wp-content\/uploads\/2024\/02\/Bildschirmfoto-2024-02-23-um-13.49.22.png",613,233,false],"2048x2048":["https:\/\/pascal-lucke.de\/wp-content\/uploads\/2024\/02\/Bildschirmfoto-2024-02-23-um-13.49.22.png",613,233,false],"ab-block-post-grid-landscape":["https:\/\/pascal-lucke.de\/wp-content\/uploads\/2024\/02\/Bildschirmfoto-2024-02-23-um-13.49.22-600x233.png",600,233,true],"ab-block-post-grid-square":["https:\/\/pascal-lucke.de\/wp-content\/uploads\/2024\/02\/Bildschirmfoto-2024-02-23-um-13.49.22-600x233.png",600,233,true]},"uagb_author_info":{"display_name":"PL","author_link":"https:\/\/pascal-lucke.de\/?author=2"},"uagb_comment_info":0,"uagb_excerpt":"Datum:&nbsp;01. April 2024Beginn:&nbsp;16 UhrEinlass:&nbsp;15 UhrOrt:&nbsp;Aula im Schulzentrum, Gymnasium Am Turmhof (Nyonsplatz, 53894 Mechernich)Ausf\u00fchrende:&nbsp;Dietrich-Bonhoeffer Chor und EnsembleLeitung:&nbsp;Pascal LuckeEintritt:&nbsp;Frei, um eine Spende wird herzlich gebeten Der Fr\u00fchling h\u00e4lt Einzug in Mechernich und mit ihm die herrliche Musik des Dietrich-Bonhoeffer-Chores. Am&nbsp;1. April 2024&nbsp;um&nbsp;16 Uhr&nbsp;l\u00e4dt der Chor alle Musikbegeisterten zu einem \u00f6sterlichen Fr\u00fchlingskonzert in die Aula des Schulzentrums Mechernich&hellip;","coauthors":[],"author_meta":{"author_link":"https:\/\/pascal-lucke.de\/?author=2","display_name":"PL"},"relative_dates":{"created":"Ver\u00f6ffentlicht 2\u00a0Jahren vor","modified":"Aktualisiert 2\u00a0Jahren vor"},"absolute_dates":{"created":"Ver\u00f6ffentlicht am Februar 25, 2024","modified":"Aktualisiert am Februar 27, 2024"},"absolute_dates_time":{"created":"Ver\u00f6ffentlicht am Februar 25, 2024 11:46 a.m.","modified":"Aktualisiert am Februar 27, 2024 11:30 a.m."},"featured_img_caption":"","featured_img":"https:\/\/pascal-lucke.de\/wp-content\/uploads\/2024\/02\/Bildschirmfoto-2024-02-23-um-13.49.22.png","series_order":"","_links":{"self":[{"href":"https:\/\/pascal-lucke.de\/index.php?rest_route=\/wp\/v2\/pages\/1013","targetHints":{"allow":["GET"]}}],"collection":[{"href":"https:\/\/pascal-lucke.de\/index.php?rest_route=\/wp\/v2\/pages"}],"about":[{"href":"https:\/\/pascal-lucke.de\/index.php?rest_route=\/wp\/v2\/types\/page"}],"author":[{"embeddable":true,"href":"https:\/\/pascal-lucke.de\/index.php?rest_route=\/wp\/v2\/users\/2"}],"replies":[{"embeddable":true,"href":"https:\/\/pascal-lucke.de\/index.php?rest_route=%2Fwp%2Fv2%2Fcomments&post=1013"}],"version-history":[{"count":3,"href":"https:\/\/pascal-lucke.de\/index.php?rest_route=\/wp\/v2\/pages\/1013\/revisions"}],"predecessor-version":[{"id":1027,"href":"https:\/\/pascal-lucke.de\/index.php?rest_route=\/wp\/v2\/pages\/1013\/revisions\/1027"}],"wp:featuredmedia":[{"embeddable":true,"href":"https:\/\/pascal-lucke.de\/index.php?rest_route=\/wp\/v2\/media\/1019"}],"wp:attachment":[{"href":"https:\/\/pascal-lucke.de\/index.php?rest_route=%2Fwp%2Fv2%2Fmedia&parent=1013"}],"curies":[{"name":"wp","href":"https:\/\/api.w.org\/{rel}","templated":true}]}}